f = 249 - -6. Calculate the greatest common factor of f and 165.
15
Suppose 0 = -16*u + 11*u + 525. Calculate the highest common divisor of 70 and u.
35
Let y = -2 - -4. Suppose r - 12 + 5 = -n, -r + 3*n - 1 = 0. Suppose 5*q - 32 = 4*o, r*q + 5*o = 7 - 2. Calculate the greatest common factor of q and y.
2
Suppose 0 = 4*w - z - 2*z + 161, -w + 5*z - 19 = 0. Let a be 1646/10 - w/110. Calculate the highest common factor of 15 and a.
15
Suppose -41 = 5*r - 4*o, -1 = 3*o - 2*o. Let d be 1*(-3 - r/3). Suppose d = 13*j - 11*j - 504. Calculate the greatest common factor of j and 28.
28
Suppose s + 0*s + 28 = -5*n, -4*s + 3 = -3*n. Let m be (-4451)/3 - 36/27. Let l be ((-2)/s)/((-11)/m). Calculate the highest common factor of l and 36.
18
Let r be 4 + (-3 - -3) + -13. Let n(d) = -d**2 - 9*d - 4. Let c be n(r). Let j be 3/(-2 + c)*-60. Calculate the highest common divisor of 3 and j.
3
Let q be (5 - (-7 - (-8 + 3))) + 1527. What is the highest common factor of 26 and q?
26
Let p(d) = -2*d**3 + d**2 - d - 1. Let c be p(-1). Suppose 0*b + 2*b + 258 = c*o, 0 = 5*o - b - 437. Calculate the greatest common factor of o and 11.
11
Let v(y) = -y**3 + 6*y**2 + 3*y + 12. Let f be v(4). Calculate the greatest common factor of 84 and f.
28
Let t(y) = -y**2 + 8*y. Let f be t(6). Suppose 4*b - f = 2*b. Let r = -7811 - -7859. Calculate the greatest common divisor of r and b.
6
Let w be 2/((-6)/(-9) - 0). Suppose 5*g - 49 = -w*l, 5*g - 70 = -5*l + 5. Calculate the highest common factor of l and 117.
13
Suppose -2*y - 585 = -5*r - 0*r, -r = 3*y - 100. Suppose -a + 8 = 3*v, 0 = -3*v - 10 - 5. What is the greatest common factor of r and a?
23
Let a be (-1 + 1/3)*-18. Let f(h) = 2*h**3 - 6*h**2. Let g be f(3). Suppose g = 3*x - 9. Calculate the greatest common factor of a and x.
3
Let s be 10/40 - 2538/(-24). Calculate the greatest common factor of s and 2438.
106
Let t(k) = 59*k**3 - 12*k + 14. Let o be t(2). What is the greatest common factor of o and 66?
66
Let a = 8 + 4. Suppose 0 = 3*o + a, -10 = z - 3*z + o. Suppose 16 + 74 = z*c. What is the highest common divisor of c and 6?
6
Let b(o) = -o**3 - 10*o**2 + 11*o. Let f be b(-11). Suppose 14*x - 154 = -f. Calculate the greatest common divisor of x and 44.
11
Suppose 0 = 5*p - 4*f - 148 - 84, p + 3*f = 54. Calculate the highest common factor of p and 20.
4
Suppose 109*r - 416 = 83*r. What is the greatest common factor of r and 344?
8
Let y be 2439/24 - 78/(-208). What is the highest common factor of 18 and y?
6
Suppose -d - 3 = 5*u, -2*d - d - 9 = -4*u. Let t = d - -6. Let o = 488 - 455. Calculate the highest common divisor of o and t.
3
Let d = 32 + -14. Calculate the greatest common factor of 45 and d.
9
Let i be 0/(-1 - (0 - 3)). Let z(v) be the second derivative of v**5/20 - v**3/6 + 15*v**2 + v. Let s be z(i). What is the highest common factor of 10 and s?
10
Let n(k) = 9*k**2 + 43*k + 20. Let w be n(-12). What is the highest common divisor of 32 and w?
32
Let s be ((-3)/(-2))/((-2)/(-4)). Let d be 13 + s/(-3) + 0. Suppose 5*q - 2*r + 5*r = 111, 5*q - 5*r - 135 = 0. What is the highest common divisor of d and q?
12
Let h = -210 - -430. Suppose q = 11*q - h. Calculate the highest common divisor of 2 and q.
2
Let a(c) = -68*c + 514. Let k be a(6). What is the greatest common factor of k and 159?
53
Suppose 2*a + 3*b = 7 + 5, 3*a = -5*b + 17. Suppose -1 = 2*z - a. Suppose -z*m + 27 + 17 = 0. What is the highest common divisor of m and 88?
11
Let c(h) = -2*h**2 - 12*h + 3. Let u be c(-6). Suppose 2*g + g - u*n = 651, -226 = -g - 2*n. What is the highest common factor of 20 and g?
20
Let v be 2/(-7)*(-10 + -4). Suppose 5*n - 96 = -v*a, 3*n + 2*n - 76 = a. What is the highest common divisor of n and 48?
16
Let h be (-3)/6 + (27/6 - 1). Let w(s) = s**2 - 6*s + 7. Let n be w(5). Let u be 2/4*n + 1. What is the highest common divisor of u and h?
1
Suppose -4*t - 2*q - 2*q + 200 = 0, 5*t = -4*q + 245. Let u(n) = -60*n + 198. Let z be u(3). Calculate the greatest common divisor of z and t.
9
Let g(t) = 15*t - 4. Let u(n) = -30*n + 9. Let m(r) = 7*g(r) + 4*u(r). Let y be m(-8). What is the highest common factor of y and 16?
16
Suppose -3*t + 61 = 247. Let d = t - -150. Let m = d - 61. Calculate the greatest common factor of m and 18.
9
Suppose -5*m - 486 - 274 = 0. Let k be (m/6)/((-1)/3). What is the highest common divisor of 19 and k?
19
Let f(t) = 25*t**2 - 2*t + 1. Let g be f(1). Suppose -x = -3 - g. Let c be 4/(-1 + (-33)/(-27)). What is the highest common divisor of x and c?
9
Suppose 683 = 2*y + 26*t - 29*t, y + 2*t = 338. What is the highest common factor of y and 40?
20
Let j be 6*2*174/116. Calculate the greatest common divisor of 135 and j.
9
Let n = 290 - 102. Calculate the highest common factor of n and 47.
47
Let i(w) = w**2 - 25*w - 77. Let t be i(-4). Calculate the highest common factor of t and 429.
39
Let w be (-117)/(-26)*(-1)/((-1)/56). Calculate the highest common divisor of 140 and w.
28
Suppose -19*p - 148 = -21*p. What is the highest common divisor of 185 and p?
37
Suppose 0*l + l - 2 = 0. Suppose 0 = 5*j - 4*u - 184, 44 = -l*j + 3*j + u. Let p be 15/2*28/21. What is the highest common factor of j and p?
10
Suppose 136 = -6*m + 646. What is the greatest common divisor of 85 and m?
85
Suppose -b = 2*m - 5*m - 3, 0 = -4*b + m + 23. Let o be 13/((-13)/(-6))*b. Calculate the highest common divisor of 6 and o.
6
Suppose 2*s + 15 = -4*w + 99, 3*s = -4*w + 86. Let d = 10 - 7. Let f be (d/2)/(12/40). What is the highest common divisor of f and w?
5
Let p(k) = -k**3 - 2*k**2 - 2*k - 3. Let l be p(-3). Suppose n - 4*n = -9. Calculate the highest common factor of l and n.
3
Suppose -24*s = -23*s + 2*n - 138, -276 = -2*s + 2*n. Calculate the greatest common divisor of s and 84.
6
Let t(l) = 4*l - 3. Let m be t(-3). Let v = m + 79. Suppose 5*s - 7*s = -32. What is the highest common factor of v and s?
16
Suppose i = 74 + 38. Suppose 2*b - i = 4*w + w, 4*w + 168 = 3*b. Let x(p) = 15*p**2 - 3*p - 4. Let d be x(-3). What is the greatest common factor of d and b?
28
Suppose 3*c + 2*b = 524 - 33, 3*c - 3*b = 501. Calculate the highest common factor of 132 and c.
33
Let c(a) = a**2 - 3*a + 5. Let i be c(3). Let z = 6 - i. Suppose 0 = -2*f + 9 - z. What is the greatest common factor of 6 and f?
2
Let t be (-3248)/(-10) + (-64)/80. Calculate the greatest common divisor of t and 6.
6
Let p = 14 - 32. Let v = 19 + p. Let y be 6/(3 - v) - -27. What is the greatest common divisor of y and 20?
10
Suppose -5*t - 235 = -5*h, -53 = -2*h - 4*t + 23. Let i be (17 - 9)/((-7)/(-154)). Calculate the highest common divisor of i and h.
44
Let x(o) = o**3. Let r(q) = 7*q**3 + 2*q**2 + q - 18. Let h(f) = -r(f) + 6*x(f). Let n be h(0). Let k = 63 - 9. What is the greatest common factor of k and n?
18
Let u = -147 + 294. Let a = u + -103. What is the highest common divisor of 22 and a?
22
Let h be -2*10/12*-9. Let b be (1 + -25)/(h/(-15)). Calculate the greatest common factor of b and 48.
24
Suppose -6*n = -2*n - 40. Let t be (((-35)/28)/1)/(1/(-8)). Calculate the greatest common divisor of n and t.
10
Suppose 0 = 4*c + 5*b - 597, 89*b = 90*b - 5. Suppose -q = -3*q + 26. Calculate the highest common divisor of q and c.
13
Let w(s) = -s**3 + 7*s**2 - s + 3. Let p be w(7). Let d = -2 - p. Suppose -d*b + 30 = b. What is the greatest common divisor of 4 and b?
2
Let q be (0 + -2)*(-5)/(-2). Let z be q/2*(-64)/10. Suppose -5 = -4*i + 3. Calculate the greatest common factor of z and i.
2
Let d be (-1)/(1/(-3)) - (12 - 9). Suppose -x = -d*x - 48. What is the highest common factor of 32 and x?
16
Suppose 2*o + 11 = 171. Suppose 9*q - o = 7*q. What is the greatest common factor of q and 4?
4
Suppose 23 = b - 5*j, -b - b + 3*j = -18. Let i(l) = 2*l + 7. Let n be i(b). Calculate the greatest common divisor of 91 and n.
13
Let q = -892 - -937. Calculate the greatest common factor of 345 and q.
15
Let y(o) = 467*o - 17. Let k be y(1). What is the highest common factor of k and 50?
50
Let w = -62 + 68. Let v = -7 + 12. Let f be ((-12)/(-10))/(2/v). Calculate the greatest common divisor of w and f.
3
Let m be (-20)/(-3)*(25 + -7). Let a = 252 - m. Suppose 4*c + 5*k = -21 + a, -2*c - 4*k = -60. What is the greatest common factor of c and 8?
8
Let y be 